{"id":241,"date":"2024-12-13T19:56:32","date_gmt":"2024-12-13T18:56:32","guid":{"rendered":"http:\/\/afs-costello-cfc.asso.fr\/?page_id=241"},"modified":"2025-03-05T19:20:07","modified_gmt":"2025-03-05T18:20:07","slug":"adherer-association-faire-un-don","status":"publish","type":"page","link":"https:\/\/afs-costello-cfc.asso.fr\/index.php\/adherer-association-faire-un-don\/","title":{"rendered":"Adh\u00e9rer \u00e0 l&rsquo;association ou faire un don"},"content":{"rendered":"\n<p class=\"has-text-align-center\" style=\"font-style:normal;font-weight:500\"><em>Nous remercions tr\u00e8s sinc\u00e8rement tous les adh\u00e9rents et contributeurs, qui apportent r\u00e9guli\u00e8rement leur soutien aux enfants, jeunes adultes et \u00e0 leurs familles.<br>Nous faisons des appels \u00e0 cotisations et aux dons pour p\u00e9renniser les actions de l&rsquo;association, qui favorisent les \u00e9changes, les retours d\u2019exp\u00e9riences, et renforcent l\u2019expertise des professionnels.<\/em><strong><br><\/strong><\/p>\n\n\n\n<p class=\"has-text-align-center has-accent-color has-text-color has-link-color wp-elements-126671a8a4fb7899a0b8c1451bf292bf\"><strong>Merci d\u2019avance pour votre soutien.<\/strong><\/p>\n\n\n\n<div style=\"height:40px\" aria-hidden=\"true\" class=\"wp-block-spacer\"><\/div>\n\n\n\n<div class=\"wp-block-cover alignfull is-light has-custom-content-position is-position-top-left has-white-color has-text-color has-link-color wp-elements-8dcd74995210c1a896d7e6b79ac3b50f\" style=\"margin-top:0;padding-top:5vw;padding-right:5vw;padding-bottom:5vw;padding-left:5vw;min-height:400px;aspect-ratio:unset;\"><span aria-hidden=\"true\" class=\"wp-block-cover__background has-background-dim-90 has-background-dim\" style=\"background-color:#71a1bb\"><\/span><img loading=\"lazy\" decoding=\"async\" width=\"2560\" height=\"1707\" class=\"wp-block-cover__image-background wp-image-61\" alt=\"\" src=\"http:\/\/afs-costello-cfc.asso.fr\/wp-content\/uploads\/2024\/09\/Home_Costello-scaled.jpg\" data-object-fit=\"cover\" srcset=\"https:\/\/afs-costello-cfc.asso.fr\/wp-content\/uploads\/2024\/09\/Home_Costello-scaled.jpg 2560w, https:\/\/afs-costello-cfc.asso.fr\/wp-content\/uploads\/2024\/09\/Home_Costello-300x200.jpg 300w, https:\/\/afs-costello-cfc.asso.fr\/wp-content\/uploads\/2024\/09\/Home_Costello-1024x683.jpg 1024w, https:\/\/afs-costello-cfc.asso.fr\/wp-content\/uploads\/2024\/09\/Home_Costello-768x512.jpg 768w, https:\/\/afs-costello-cfc.asso.fr\/wp-content\/uploads\/2024\/09\/Home_Costello-1536x1024.jpg 1536w, https:\/\/afs-costello-cfc.asso.fr\/wp-content\/uploads\/2024\/09\/Home_Costello-2048x1365.jpg 2048w, https:\/\/afs-costello-cfc.asso.fr\/wp-content\/uploads\/2024\/09\/Home_Costello-360x240.jpg 360w\" sizes=\"auto, (max-width: 2560px) 100vw, 2560px\" \/><div class=\"wp-block-cover__inner-container is-layout-flow wp-block-cover-is-layout-flow\">\n<div class=\"wp-block-group wp-container-content-9cfa9a5a is-vertical is-nowrap is-layout-flex wp-container-core-group-is-layout-2890af74 wp-block-group-is-layout-flex\">\n<p class=\"has-text-align-left has-white-color has-text-color has-source-serif-pro-font-family\" style=\"font-size:40px;font-style:normal;font-weight:900;letter-spacing:0px;line-height:0.8;text-transform:none\"><mark style=\"background-color:rgba(0, 0, 0, 0);color:#ee622a\" class=\"has-inline-color\">\u25a0<\/mark> Adh\u00e9rer \u00e0 l&rsquo;association<\/p>\n<\/div>\n\n\n\n<div style=\"height:20px\" aria-hidden=\"true\" class=\"wp-block-spacer\"><\/div>\n\n\n\n<h2 class=\"wp-block-heading\" style=\"font-size:20px\"><strong>Votre soutien permet \u00e0 l&rsquo;association de continuer \u00e0 agir concr\u00e8tement. Aidez-nous \u00e0 aller plus loin.<\/strong><\/h2>\n\n\n\n<p style=\"font-size:16px;font-style:normal;font-weight:500\">Votre adh\u00e9sion nous aide \u00e0 renforcer nos actions, et \u00e0 montrer aupr\u00e8s des institutions l&rsquo;importance de notre association. <br>Pour cela, nous vous invitons \u00e0 cliquer sur le bouton ci-dessous ; vous recevrez un retour dans les plus brefs d\u00e9lais.<\/p>\n\n\n\n<div style=\"height:10px\" aria-hidden=\"true\" class=\"wp-block-spacer\"><\/div>\n\n\n\n<div class=\"wp-block-columns is-layout-flex wp-container-core-columns-is-layout-28f84493 wp-block-columns-is-layout-flex\">\n<div class=\"wp-block-column is-layout-flow wp-block-column-is-layout-flow\">\n<div class=\"wp-block-buttons is-layout-flex wp-block-buttons-is-layout-flex\">\n<div class=\"wp-block-button\"><a class=\"wp-block-button__link has-accent-background-color has-background wp-element-button\" href=\"https:\/\/www.helloasso.com\/associations\/association-francaise-des-syndromes-de-costello-et-cfc\/adhesions\/adhesion-afs-c-et-cfc-et-don\" style=\"border-radius:30px\" target=\"_blank\" rel=\"noreferrer noopener\"><strong>Adh\u00e9rer \u00e0 l&rsquo;association<\/strong><\/a><\/div>\n<\/div>\n<\/div>\n<\/div>\n\n\n\n<p style=\"font-size:16px;font-style:normal;font-weight:500\"><strong>Informations pratiques :<\/strong> l&rsquo;adh\u00e9sion annuelle s&rsquo;\u00e9l\u00e8ve \u00e0 30\u20ac. Vous b\u00e9n\u00e9ficierez d&rsquo;une r\u00e9duction fiscale et votre don ne vous co\u00fbtera que 10,20\u20ac apr\u00e8s d\u00e9duction.<\/p>\n<\/div><\/div>\n\n\n\n<div style=\"height:40px\" aria-hidden=\"true\" class=\"wp-block-spacer\"><\/div>\n\n\n\n<h3 class=\"wp-block-heading has-text-align-center has-accent-color has-text-color has-link-color wp-elements-aa7229042838f3063137c549e6910977\" style=\"font-size:20px\"><strong>Vous pouvez aussi nous aider en faisant un don<\/strong><\/h3>\n\n\n\n<div class=\"wp-block-buttons animated shakeY slower delay-1s is-content-justification-center is-layout-flex wp-container-core-buttons-is-layout-a89b3969 wp-block-buttons-is-layout-flex\">\n<div class=\"wp-block-button has-custom-width wp-block-button__width-25 has-custom-font-size is-style-outline has-medium-font-size is-style-outline--1\"><a class=\"wp-block-button__link has-accent-color has-text-color has-link-color has-text-align-center wp-element-button\">\u2193<\/a><\/div>\n<\/div>\n\n\n\n<div style=\"height:40px\" aria-hidden=\"true\" class=\"wp-block-spacer\"><\/div>\n\n\n\n<div class=\"wp-block-cover alignfull is-light has-custom-content-position is-position-top-right has-white-color has-text-color has-link-color wp-elements-887c5e18200a02f96ef4a8204fa478d0\" style=\"margin-top:0;padding-top:5vw;padding-right:5vw;padding-bottom:5vw;padding-left:5vw;min-height:400px;aspect-ratio:unset;\"><span aria-hidden=\"true\" class=\"wp-block-cover__background has-background-dim-90 has-background-dim\" style=\"background-color:#71a1bb\"><\/span><img loading=\"lazy\" decoding=\"async\" width=\"2560\" height=\"1707\" class=\"wp-block-cover__image-background wp-image-61\" alt=\"\" src=\"http:\/\/afs-costello-cfc.asso.fr\/wp-content\/uploads\/2024\/09\/Home_Costello-scaled.jpg\" data-object-fit=\"cover\" srcset=\"https:\/\/afs-costello-cfc.asso.fr\/wp-content\/uploads\/2024\/09\/Home_Costello-scaled.jpg 2560w, https:\/\/afs-costello-cfc.asso.fr\/wp-content\/uploads\/2024\/09\/Home_Costello-300x200.jpg 300w, https:\/\/afs-costello-cfc.asso.fr\/wp-content\/uploads\/2024\/09\/Home_Costello-1024x683.jpg 1024w, https:\/\/afs-costello-cfc.asso.fr\/wp-content\/uploads\/2024\/09\/Home_Costello-768x512.jpg 768w, https:\/\/afs-costello-cfc.asso.fr\/wp-content\/uploads\/2024\/09\/Home_Costello-1536x1024.jpg 1536w, https:\/\/afs-costello-cfc.asso.fr\/wp-content\/uploads\/2024\/09\/Home_Costello-2048x1365.jpg 2048w, https:\/\/afs-costello-cfc.asso.fr\/wp-content\/uploads\/2024\/09\/Home_Costello-360x240.jpg 360w\" sizes=\"auto, (max-width: 2560px) 100vw, 2560px\" \/><div class=\"wp-block-cover__inner-container is-layout-flow wp-block-cover-is-layout-flow\">\n<div class=\"wp-block-group wp-container-content-9cfa9a5a is-vertical is-content-justification-right is-nowrap is-layout-flex wp-container-core-group-is-layout-88e439ba wp-block-group-is-layout-flex\">\n<p class=\"has-text-align-right has-white-color has-text-color has-source-serif-pro-font-family\" style=\"font-size:40px;font-style:normal;font-weight:900;letter-spacing:0px;line-height:0.8;text-transform:none\"><mark style=\"background-color:rgba(0, 0, 0, 0);color:#ee622a\" class=\"has-inline-color\">\u25a0<\/mark> Faire un don<\/p>\n<\/div>\n\n\n\n<div style=\"height:20px\" aria-hidden=\"true\" class=\"wp-block-spacer\"><\/div>\n\n\n\n<h2 class=\"wp-block-heading has-text-align-right\" style=\"font-size:20px\"><strong>Votre soutien est essentiel pour continuer \u00e0 offrir de l&rsquo;espoir et de l&rsquo;aide. <\/strong><br><strong>Ensemble, nous pouvons accomplir de grandes choses !<\/strong><\/h2>\n\n\n\n<p class=\"has-text-align-right\" style=\"font-size:16px;font-style:normal;font-weight:500\">Vos dons nous aident \u00e0 renforcer nos actions, et \u00e0 montrer aupr\u00e8s des institutions l&rsquo;importance de notre association. <br>Chaque don, quelle que soit sa valeur, permet d&rsquo;\u00e9largir notre port\u00e9e et d&rsquo;intensifier nos actions. <br>Gr\u00e2ce \u00e0 vous, nous pourrons toucher davantage de personnes, \u00e9largir notre r\u00e9seau d&rsquo;aide et proposer des solutions encore plus adapt\u00e9es.<\/p>\n\n\n\n<p class=\"has-text-align-right\" style=\"font-size:18px;font-style:normal;font-weight:500\"><br><strong>Vous pouvez faire un don en cliquant sur le bouton ci-dessous :<\/strong><\/p>\n\n\n\n<div class=\"wp-block-columns is-layout-flex wp-container-core-columns-is-layout-28f84493 wp-block-columns-is-layout-flex\">\n<div class=\"wp-block-column is-layout-flow wp-block-column-is-layout-flow\">\n<div class=\"wp-block-buttons is-content-justification-right is-layout-flex wp-container-core-buttons-is-layout-d445cf74 wp-block-buttons-is-layout-flex\">\n<div class=\"wp-block-button has-custom-width wp-block-button__width-50\"><a class=\"wp-block-button__link has-accent-background-color has-background wp-element-button\" href=\"https:\/\/www.helloasso.com\/associations\/association-francaise-des-syndromes-de-costello-et-cfc\/formulaires\/2\" style=\"border-radius:30px\" target=\"_blank\" rel=\"noreferrer noopener\"><strong>Faire un don<\/strong><\/a><\/div>\n<\/div>\n<\/div>\n<\/div>\n\n\n\n<p class=\"has-text-align-right\" style=\"font-size:16px;font-style:normal;font-weight:500\"><strong>Informations pratiques :<\/strong> vous b\u00e9n\u00e9ficierez d\u2019une d\u00e9duction fiscale en effectuant un don pour l&rsquo;association.<\/p>\n<\/div><\/div>\n\n\n\n<div class=\"wp-block-columns is-layout-flex wp-container-core-columns-is-layout-28f84493 wp-block-columns-is-layout-flex\">\n<div class=\"wp-block-column is-layout-flow wp-block-column-is-layout-flow\">\n<div style=\"height:50px\" aria-hidden=\"true\" class=\"wp-block-spacer\"><\/div>\n<\/div>\n<\/div>\n\n\n\n<h3 class=\"wp-block-heading has-text-align-center has-accent-color has-text-color has-link-color wp-elements-5b5df93bc625d368cd51fafeecb924b8\" style=\"font-size:22px\"><strong>En savoir plus sur l&rsquo;Association Fran\u00e7aise des Syndromes de Costello et Cardio-Facio-Cutan\u00e9<\/strong><\/h3>\n\n\n\n<div class=\"wp-block-buttons is-content-justification-center is-layout-flex wp-container-core-buttons-is-layout-a89b3969 wp-block-buttons-is-layout-flex\">\n<div class=\"wp-block-button\"><a class=\"wp-block-button__link has-background wp-element-button\" href=\"http:\/\/afs-costello-cfc.asso.fr\/index.php\/presentation-de-lassociation\/\" style=\"background-color:#72abc8\"><strong>D\u00e9couvrir l&rsquo;Association<\/strong><\/a><\/div>\n<\/div>\n\n\n\n<p class=\"has-white-color has-white-background-color has-text-color has-background has-link-color wp-elements-f3af10659a18cfd88d4a54e34f264cca\"><\/p>\n\n\n\n<div style=\"height:40px\" aria-hidden=\"true\" class=\"wp-block-spacer\"><\/div>\n\n\n\n<p><\/p>\n","protected":false},"excerpt":{"rendered":"<p>Nous remercions tr\u00e8s sinc\u00e8rement tous les adh\u00e9rents et contributeurs, qui apportent r\u00e9guli\u00e8rement leur soutien aux enfants, jeunes adultes et \u00e0 leurs familles.Nous faisons des appels \u00e0 cotisations et aux dons pour p\u00e9renniser les actions de l&rsquo;association, qui favorisent les \u00e9changes, les retours d\u2019exp\u00e9riences, et renforcent l\u2019expertise des professionnels. Merci d\u2019avance [&hellip;]<\/p>\n","protected":false},"author":1,"featured_media":291,"parent":0,"menu_order":0,"comment_status":"closed","ping_status":"closed","template":"","meta":{"_themeisle_gutenberg_block_has_review":false,"footnotes":""},"class_list":["post-241","page","type-page","status-publish","has-post-thumbnail","hentry"],"_links":{"self":[{"href":"https:\/\/afs-costello-cfc.asso.fr\/index.php\/wp-json\/wp\/v2\/pages\/241","targetHints":{"allow":["GET"]}}],"collection":[{"href":"https:\/\/afs-costello-cfc.asso.fr\/index.php\/wp-json\/wp\/v2\/pages"}],"about":[{"href":"https:\/\/afs-costello-cfc.asso.fr\/index.php\/wp-json\/wp\/v2\/types\/page"}],"author":[{"embeddable":true,"href":"https:\/\/afs-costello-cfc.asso.fr\/index.php\/wp-json\/wp\/v2\/users\/1"}],"replies":[{"embeddable":true,"href":"https:\/\/afs-costello-cfc.asso.fr\/index.php\/wp-json\/wp\/v2\/comments?post=241"}],"version-history":[{"count":73,"href":"https:\/\/afs-costello-cfc.asso.fr\/index.php\/wp-json\/wp\/v2\/pages\/241\/revisions"}],"predecessor-version":[{"id":620,"href":"https:\/\/afs-costello-cfc.asso.fr\/index.php\/wp-json\/wp\/v2\/pages\/241\/revisions\/620"}],"wp:featuredmedia":[{"embeddable":true,"href":"https:\/\/afs-costello-cfc.asso.fr\/index.php\/wp-json\/wp\/v2\/media\/291"}],"wp:attachment":[{"href":"https:\/\/afs-costello-cfc.asso.fr\/index.php\/wp-json\/wp\/v2\/media?parent=241"}],"curies":[{"name":"wp","href":"https:\/\/api.w.org\/{rel}","templated":true}]}}

Adhérer à l&rsquo;association ou faire un don

<p class="has-text-align-center" style="font-style:normal;font-weight:500"><em>Nous remercions très sincèrement tous les adhérents et contributeurs, qui apportent régulièrement leur soutien aux enfants, jeunes adultes et à leurs familles.<br>Nous faisons des appels à cotisations et aux dons pour pérenniser les actions de l&rsquo;association, qui favorisent les échanges, les retours d’expériences, et renforcent l’expertise des professionnels.</em><strong><br></strong></p>



<p class="has-text-align-center has-accent-color has-text-color has-link-color wp-elements-126671a8a4fb7899a0b8c1451bf292bf"><strong>Merci d’avance pour votre soutien.</strong></p>



<div style="height:40px" aria-hidden="true" class="wp-block-spacer"></div>



<div class="wp-block-cover alignfull is-light has-custom-content-position is-position-top-left has-white-color has-text-color has-link-color wp-elements-8dcd74995210c1a896d7e6b79ac3b50f" style="margin-top:0;padding-top:5vw;padding-right:5vw;padding-bottom:5vw;padding-left:5vw;min-height:400px;aspect-ratio:unset;"><span aria-hidden="true" class="wp-block-cover__background has-background-dim-90 has-background-dim" style="background-color:#71a1bb"></span><img loading="lazy" decoding="async" width="2560" height="1707" class="wp-block-cover__image-background wp-image-61" alt="" src="http://afs-costello-cfc.asso.fr/wp-content/uploads/2024/09/Home_Costello-scaled.jpg" data-object-fit="cover" srcset="https://afs-costello-cfc.asso.fr/wp-content/uploads/2024/09/Home_Costello-scaled.jpg 2560w, https://afs-costello-cfc.asso.fr/wp-content/uploads/2024/09/Home_Costello-300x200.jpg 300w, https://afs-costello-cfc.asso.fr/wp-content/uploads/2024/09/Home_Costello-1024x683.jpg 1024w, https://afs-costello-cfc.asso.fr/wp-content/uploads/2024/09/Home_Costello-768x512.jpg 768w, https://afs-costello-cfc.asso.fr/wp-content/uploads/2024/09/Home_Costello-1536x1024.jpg 1536w, https://afs-costello-cfc.asso.fr/wp-content/uploads/2024/09/Home_Costello-2048x1365.jpg 2048w, https://afs-costello-cfc.asso.fr/wp-content/uploads/2024/09/Home_Costello-360x240.jpg 360w" sizes="auto, (max-width: 2560px) 100vw, 2560px" /><div class="wp-block-cover__inner-container is-layout-flow wp-block-cover-is-layout-flow">
<div class="wp-block-group wp-container-content-9cfa9a5a is-vertical is-nowrap is-layout-flex wp-container-core-group-is-layout-2890af74 wp-block-group-is-layout-flex">
<p class="has-text-align-left has-white-color has-text-color has-source-serif-pro-font-family" style="font-size:40px;font-style:normal;font-weight:900;letter-spacing:0px;line-height:0.8;text-transform:none"><mark style="background-color:rgba(0, 0, 0, 0);color:#ee622a" class="has-inline-color">■</mark> Adhérer à l&rsquo;association</p>
</div>



<div style="height:20px" aria-hidden="true" class="wp-block-spacer"></div>



<h2 class="wp-block-heading" style="font-size:20px"><strong>Votre soutien permet à l&rsquo;association de continuer à agir concrètement. Aidez-nous à aller plus loin.</strong></h2>



<p style="font-size:16px;font-style:normal;font-weight:500">Votre adhésion nous aide à renforcer nos actions, et à montrer auprès des institutions l&rsquo;importance de notre association. <br>Pour cela, nous vous invitons à cliquer sur le bouton ci-dessous ; vous recevrez un retour dans les plus brefs délais.</p>



<div style="height:10px" aria-hidden="true" class="wp-block-spacer"></div>



<div class="wp-block-columns is-layout-flex wp-container-core-columns-is-layout-28f84493 wp-block-columns-is-layout-flex">
<div class="wp-block-column is-layout-flow wp-block-column-is-layout-flow">
<div class="wp-block-buttons is-layout-flex wp-block-buttons-is-layout-flex">
<div class="wp-block-button"><a class="wp-block-button__link has-accent-background-color has-background wp-element-button" href="https://www.helloasso.com/associations/association-francaise-des-syndromes-de-costello-et-cfc/adhesions/adhesion-afs-c-et-cfc-et-don" style="border-radius:30px" target="_blank" rel="noreferrer noopener"><strong>Adhérer à l&rsquo;association</strong></a></div>
</div>
</div>
</div>



<p style="font-size:16px;font-style:normal;font-weight:500"><strong>Informations pratiques :</strong> l&rsquo;adhésion annuelle s&rsquo;élève à 30€. Vous bénéficierez d&rsquo;une réduction fiscale et votre don ne vous coûtera que 10,20€ après déduction.</p>
</div></div>



<div style="height:40px" aria-hidden="true" class="wp-block-spacer"></div>



<h3 class="wp-block-heading has-text-align-center has-accent-color has-text-color has-link-color wp-elements-aa7229042838f3063137c549e6910977" style="font-size:20px"><strong>Vous pouvez aussi nous aider en faisant un don</strong></h3>



<div class="wp-block-buttons animated shakeY slower delay-1s is-content-justification-center is-layout-flex wp-container-core-buttons-is-layout-a89b3969 wp-block-buttons-is-layout-flex">
<div class="wp-block-button has-custom-width wp-block-button__width-25 has-custom-font-size is-style-outline has-medium-font-size is-style-outline--1"><a class="wp-block-button__link has-accent-color has-text-color has-link-color has-text-align-center wp-element-button">↓</a></div>
</div>



<div style="height:40px" aria-hidden="true" class="wp-block-spacer"></div>



<div class="wp-block-cover alignfull is-light has-custom-content-position is-position-top-right has-white-color has-text-color has-link-color wp-elements-887c5e18200a02f96ef4a8204fa478d0" style="margin-top:0;padding-top:5vw;padding-right:5vw;padding-bottom:5vw;padding-left:5vw;min-height:400px;aspect-ratio:unset;"><span aria-hidden="true" class="wp-block-cover__background has-background-dim-90 has-background-dim" style="background-color:#71a1bb"></span><img loading="lazy" decoding="async" width="2560" height="1707" class="wp-block-cover__image-background wp-image-61" alt="" src="http://afs-costello-cfc.asso.fr/wp-content/uploads/2024/09/Home_Costello-scaled.jpg" data-object-fit="cover" srcset="https://afs-costello-cfc.asso.fr/wp-content/uploads/2024/09/Home_Costello-scaled.jpg 2560w, https://afs-costello-cfc.asso.fr/wp-content/uploads/2024/09/Home_Costello-300x200.jpg 300w, https://afs-costello-cfc.asso.fr/wp-content/uploads/2024/09/Home_Costello-1024x683.jpg 1024w, https://afs-costello-cfc.asso.fr/wp-content/uploads/2024/09/Home_Costello-768x512.jpg 768w, https://afs-costello-cfc.asso.fr/wp-content/uploads/2024/09/Home_Costello-1536x1024.jpg 1536w, https://afs-costello-cfc.asso.fr/wp-content/uploads/2024/09/Home_Costello-2048x1365.jpg 2048w, https://afs-costello-cfc.asso.fr/wp-content/uploads/2024/09/Home_Costello-360x240.jpg 360w" sizes="auto, (max-width: 2560px) 100vw, 2560px" /><div class="wp-block-cover__inner-container is-layout-flow wp-block-cover-is-layout-flow">
<div class="wp-block-group wp-container-content-9cfa9a5a is-vertical is-content-justification-right is-nowrap is-layout-flex wp-container-core-group-is-layout-88e439ba wp-block-group-is-layout-flex">
<p class="has-text-align-right has-white-color has-text-color has-source-serif-pro-font-family" style="font-size:40px;font-style:normal;font-weight:900;letter-spacing:0px;line-height:0.8;text-transform:none"><mark style="background-color:rgba(0, 0, 0, 0);color:#ee622a" class="has-inline-color">■</mark> Faire un don</p>
</div>



<div style="height:20px" aria-hidden="true" class="wp-block-spacer"></div>



<h2 class="wp-block-heading has-text-align-right" style="font-size:20px"><strong>Votre soutien est essentiel pour continuer à offrir de l&rsquo;espoir et de l&rsquo;aide. </strong><br><strong>Ensemble, nous pouvons accomplir de grandes choses !</strong></h2>



<p class="has-text-align-right" style="font-size:16px;font-style:normal;font-weight:500">Vos dons nous aident à renforcer nos actions, et à montrer auprès des institutions l&rsquo;importance de notre association. <br>Chaque don, quelle que soit sa valeur, permet d&rsquo;élargir notre portée et d&rsquo;intensifier nos actions. <br>Grâce à vous, nous pourrons toucher davantage de personnes, élargir notre réseau d&rsquo;aide et proposer des solutions encore plus adaptées.</p>



<p class="has-text-align-right" style="font-size:18px;font-style:normal;font-weight:500"><br><strong>Vous pouvez faire un don en cliquant sur le bouton ci-dessous :</strong></p>



<div class="wp-block-columns is-layout-flex wp-container-core-columns-is-layout-28f84493 wp-block-columns-is-layout-flex">
<div class="wp-block-column is-layout-flow wp-block-column-is-layout-flow">
<div class="wp-block-buttons is-content-justification-right is-layout-flex wp-container-core-buttons-is-layout-d445cf74 wp-block-buttons-is-layout-flex">
<div class="wp-block-button has-custom-width wp-block-button__width-50"><a class="wp-block-button__link has-accent-background-color has-background wp-element-button" href="https://www.helloasso.com/associations/association-francaise-des-syndromes-de-costello-et-cfc/formulaires/2" style="border-radius:30px" target="_blank" rel="noreferrer noopener"><strong>Faire un don</strong></a></div>
</div>
</div>
</div>



<p class="has-text-align-right" style="font-size:16px;font-style:normal;font-weight:500"><strong>Informations pratiques :</strong> vous bénéficierez d’une déduction fiscale en effectuant un don pour l&rsquo;association.</p>
</div></div>



<div class="wp-block-columns is-layout-flex wp-container-core-columns-is-layout-28f84493 wp-block-columns-is-layout-flex">
<div class="wp-block-column is-layout-flow wp-block-column-is-layout-flow">
<div style="height:50px" aria-hidden="true" class="wp-block-spacer"></div>
</div>
</div>



<h3 class="wp-block-heading has-text-align-center has-accent-color has-text-color has-link-color wp-elements-5b5df93bc625d368cd51fafeecb924b8" style="font-size:22px"><strong>En savoir plus sur l&rsquo;Association Française des Syndromes de Costello et Cardio-Facio-Cutané</strong></h3>



<div class="wp-block-buttons is-content-justification-center is-layout-flex wp-container-core-buttons-is-layout-a89b3969 wp-block-buttons-is-layout-flex">
<div class="wp-block-button"><a class="wp-block-button__link has-background wp-element-button" href="http://afs-costello-cfc.asso.fr/index.php/presentation-de-lassociation/" style="background-color:#72abc8"><strong>Découvrir l&rsquo;Association</strong></a></div>
</div>



<p class="has-white-color has-white-background-color has-text-color has-background has-link-color wp-elements-f3af10659a18cfd88d4a54e34f264cca"></p>



<div style="height:40px" aria-hidden="true" class="wp-block-spacer"></div>



<p></p>

<p>Nous remercions très sincèrement tous les adhérents et contributeurs, qui apportent régulièrement leur soutien aux enfants, jeunes adultes et à leurs familles.Nous faisons des appels à cotisations et aux dons pour pérenniser les actions de l&rsquo;association, qui favorisent les échanges, les retours d’expériences, et renforcent l’expertise des professionnels. Merci d’avance [&hellip;]</p>
