{"id":471,"date":"2026-04-20T22:10:16","date_gmt":"2026-04-20T20:10:16","guid":{"rendered":"https:\/\/afs-costello-cfc.asso.fr\/?page_id=471"},"modified":"2026-04-21T17:29:49","modified_gmt":"2026-04-21T15:29:49","slug":"les-actualites-de-lassociation","status":"publish","type":"page","link":"https:\/\/afs-costello-cfc.asso.fr\/index.php\/les-actualites-de-lassociation\/","title":{"rendered":"Les actualit\u00e9s de l&rsquo;association"},"content":{"rendered":"\n<p><\/p>\n\n\n\n<h2 class=\"wp-block-heading\"><strong>Une nouvelle rubrique \u00ab Actualit\u00e9s \u00bb pour rester inform\u00e9<\/strong><\/h2>\n\n\n\n<p>Afin de mieux vous informer et de centraliser l\u2019ensemble des informations utiles, l\u2019Association Fran\u00e7aise des Syndromes de Costello et Cardio-Facio-Cutan\u00e9 met en place une nouvelle rubrique d\u00e9di\u00e9e : <strong>\u00ab Actualit\u00e9s \u00bb<\/strong>.<\/p>\n\n\n\n<p>Cette rubrique a pour objectif de rassembler en un seul espace toutes les informations r\u00e9centes concernant la vie de l\u2019association, ses actions et les ressources mises \u00e0 disposition.<\/p>\n\n\n\n<div style=\"height:25px\" aria-hidden=\"true\" class=\"wp-block-spacer\"><\/div>\n\n\n\n<div class=\"wp-block-query is-layout-flow wp-block-query-is-layout-flow\"><ul class=\"wp-block-post-template is-layout-flow wp-block-post-template-is-layout-flow\"><li class=\"wp-block-post post-575 post type-post status-publish format-standard has-post-thumbnail hentry category-newsletters tag-newsletter\">\n\n<div class=\"wp-block-columns are-vertically-aligned-center has-border-color has-background-color-border-color is-layout-flex wp-container-core-columns-is-layout-f3e73c6b wp-block-columns-is-layout-flex\" style=\"border-width:2px;border-top-left-radius:5px;border-top-right-radius:5px;border-bottom-left-radius:5px;border-bottom-right-radius:5px;padding-top:var(--wp--preset--spacing--30);padding-right:var(--wp--preset--spacing--30);padding-bottom:var(--wp--preset--spacing--30);padding-left:var(--wp--preset--spacing--30)\">\n<div class=\"wp-block-column is-vertically-aligned-center is-layout-flow wp-block-column-is-layout-flow\" style=\"flex-basis:25%\"><figure class=\"wp-block-post-featured-image\"><a href=\"https:\/\/afs-costello-cfc.asso.fr\/index.php\/2026\/04\/21\/retrouvez-tres-prochainement-la-newsletter-davril-2026\/\" target=\"_self\"  ><img loading=\"lazy\" decoding=\"async\" width=\"2110\" height=\"745\" src=\"https:\/\/afs-costello-cfc.asso.fr\/wp-content\/uploads\/2026\/04\/banniere_Newsletter-1.png\" class=\"attachment-post-thumbnail size-post-thumbnail wp-post-image\" alt=\"La Newsletter d&rsquo;Avril 2026 arrive bient\u00f4t !\" style=\"object-fit:cover;\" srcset=\"https:\/\/afs-costello-cfc.asso.fr\/wp-content\/uploads\/2026\/04\/banniere_Newsletter-1.png 2110w, https:\/\/afs-costello-cfc.asso.fr\/wp-content\/uploads\/2026\/04\/banniere_Newsletter-1-300x106.png 300w, https:\/\/afs-costello-cfc.asso.fr\/wp-content\/uploads\/2026\/04\/banniere_Newsletter-1-1024x362.png 1024w, https:\/\/afs-costello-cfc.asso.fr\/wp-content\/uploads\/2026\/04\/banniere_Newsletter-1-768x271.png 768w, https:\/\/afs-costello-cfc.asso.fr\/wp-content\/uploads\/2026\/04\/banniere_Newsletter-1-1536x542.png 1536w, https:\/\/afs-costello-cfc.asso.fr\/wp-content\/uploads\/2026\/04\/banniere_Newsletter-1-2048x723.png 2048w\" sizes=\"auto, (max-width: 2110px) 100vw, 2110px\" \/><\/a><\/figure><\/div>\n\n\n\n<div class=\"wp-block-column is-vertically-aligned-center is-layout-flow wp-block-column-is-layout-flow\" style=\"flex-basis:75%\"><h2 style=\"font-size:20px;\" class=\"wp-block-post-title\"><a href=\"https:\/\/afs-costello-cfc.asso.fr\/index.php\/2026\/04\/21\/retrouvez-tres-prochainement-la-newsletter-davril-2026\/\" target=\"_self\" >La Newsletter d&rsquo;Avril 2026 arrive bient\u00f4t !<\/a><\/h2>\n\n\n<div class=\"wp-block-buttons is-content-justification-left is-layout-flex wp-container-core-buttons-is-layout-fc4fd283 wp-block-buttons-is-layout-flex\">\n<div class=\"wp-block-button\"><a class=\"wp-block-button__link has-white-color has-accent-background-color has-text-color has-background has-link-color has-custom-font-size wp-element-button\" style=\"font-size:16px\"><strong>Lire le dernier article<\/strong><\/a><\/div>\n<\/div>\n<\/div>\n<\/div>\n\n<\/li><\/ul><\/div>\n\n\n\n<div style=\"height:40px\" aria-hidden=\"true\" class=\"wp-block-spacer\"><\/div>\n\n\n\n<h2 class=\"wp-block-heading alignwide\"><strong>Toutes les actualit\u00e9s<\/strong><\/h2>\n\n\n\n<div style=\"height:25px\" aria-hidden=\"true\" class=\"wp-block-spacer\"><\/div>\n\n\n\n<div class=\"wp-block-query is-layout-flow wp-block-query-is-layout-flow\"><ul class=\"wp-block-post-template is-layout-flow wp-block-post-template-is-layout-flow\"><li class=\"wp-block-post post-575 post type-post status-publish format-standard has-post-thumbnail hentry category-newsletters tag-newsletter\">\n\n<div class=\"wp-block-columns alignwide has-background is-layout-flex wp-container-core-columns-is-layout-28f84493 wp-block-columns-is-layout-flex\" style=\"background-color:#f6f6f6\">\n<div class=\"wp-block-column is-layout-flow wp-block-column-is-layout-flow\" style=\"flex-basis:33.33%\"><figure class=\"wp-block-post-featured-image\"><a href=\"https:\/\/afs-costello-cfc.asso.fr\/index.php\/2026\/04\/21\/retrouvez-tres-prochainement-la-newsletter-davril-2026\/\" target=\"_self\"  ><img loading=\"lazy\" decoding=\"async\" width=\"2110\" height=\"745\" src=\"https:\/\/afs-costello-cfc.asso.fr\/wp-content\/uploads\/2026\/04\/banniere_Newsletter-1.png\" class=\"attachment-post-thumbnail size-post-thumbnail wp-post-image\" alt=\"La Newsletter d&rsquo;Avril 2026 arrive bient\u00f4t !\" style=\"object-fit:cover;\" srcset=\"https:\/\/afs-costello-cfc.asso.fr\/wp-content\/uploads\/2026\/04\/banniere_Newsletter-1.png 2110w, https:\/\/afs-costello-cfc.asso.fr\/wp-content\/uploads\/2026\/04\/banniere_Newsletter-1-300x106.png 300w, https:\/\/afs-costello-cfc.asso.fr\/wp-content\/uploads\/2026\/04\/banniere_Newsletter-1-1024x362.png 1024w, https:\/\/afs-costello-cfc.asso.fr\/wp-content\/uploads\/2026\/04\/banniere_Newsletter-1-768x271.png 768w, https:\/\/afs-costello-cfc.asso.fr\/wp-content\/uploads\/2026\/04\/banniere_Newsletter-1-1536x542.png 1536w, https:\/\/afs-costello-cfc.asso.fr\/wp-content\/uploads\/2026\/04\/banniere_Newsletter-1-2048x723.png 2048w\" sizes=\"auto, (max-width: 2110px) 100vw, 2110px\" \/><\/a><\/figure><\/div>\n\n\n\n<div class=\"wp-block-column is-layout-flow wp-block-column-is-layout-flow\" style=\"flex-basis:66.66%\"><h2 style=\"font-size:25px;\" class=\"wp-block-post-title\"><a href=\"https:\/\/afs-costello-cfc.asso.fr\/index.php\/2026\/04\/21\/retrouvez-tres-prochainement-la-newsletter-davril-2026\/\" target=\"_self\" >La Newsletter d&rsquo;Avril 2026 arrive bient\u00f4t !<\/a><\/h2>\n\n<div style=\"font-size:18px;\" class=\"wp-block-post-excerpt\"><p class=\"wp-block-post-excerpt__excerpt\">\ud83d\udce9 La newsletter d\u2019avril 2026 arrive bient\u00f4t ! L\u2019association pr\u00e9pare actuellement sa prochaine newsletter, qui sera mise en ligne dans les prochains jours.Au programme : actualit\u00e9s r\u00e9centes, avanc\u00e9es des projets en cours, informations utiles pour les familles, ainsi que les prochains\u2026<\/p><p class=\"wp-block-post-excerpt__more-text\"><a class=\"wp-block-post-excerpt__more-link\" href=\"https:\/\/afs-costello-cfc.asso.fr\/index.php\/2026\/04\/21\/retrouvez-tres-prochainement-la-newsletter-davril-2026\/\"><strong>Lire la suite de l&rsquo;article<\/strong><\/a><\/p><\/div><\/div>\n<\/div>\n\n<\/li><li class=\"wp-block-post post-558 post type-post status-publish format-standard has-post-thumbnail hentry category-general\">\n\n<div class=\"wp-block-columns alignwide has-background is-layout-flex wp-container-core-columns-is-layout-28f84493 wp-block-columns-is-layout-flex\" style=\"background-color:#f6f6f6\">\n<div class=\"wp-block-column is-layout-flow wp-block-column-is-layout-flow\" style=\"flex-basis:33.33%\"><figure class=\"wp-block-post-featured-image\"><a href=\"https:\/\/afs-costello-cfc.asso.fr\/index.php\/2026\/04\/21\/publication-du-compte-rendu-de-lassemblee-generale-2025\/\" target=\"_self\"  ><img loading=\"lazy\" decoding=\"async\" width=\"2110\" height=\"745\" src=\"https:\/\/afs-costello-cfc.asso.fr\/wp-content\/uploads\/2026\/04\/banniere_AG-CR.png\" class=\"attachment-post-thumbnail size-post-thumbnail wp-post-image\" alt=\"Publication du Compte-Rendu de l&rsquo;Assembl\u00e9e G\u00e9n\u00e9rale 2025\" style=\"object-fit:cover;\" srcset=\"https:\/\/afs-costello-cfc.asso.fr\/wp-content\/uploads\/2026\/04\/banniere_AG-CR.png 2110w, https:\/\/afs-costello-cfc.asso.fr\/wp-content\/uploads\/2026\/04\/banniere_AG-CR-300x106.png 300w, https:\/\/afs-costello-cfc.asso.fr\/wp-content\/uploads\/2026\/04\/banniere_AG-CR-1024x362.png 1024w, https:\/\/afs-costello-cfc.asso.fr\/wp-content\/uploads\/2026\/04\/banniere_AG-CR-768x271.png 768w, https:\/\/afs-costello-cfc.asso.fr\/wp-content\/uploads\/2026\/04\/banniere_AG-CR-1536x542.png 1536w, https:\/\/afs-costello-cfc.asso.fr\/wp-content\/uploads\/2026\/04\/banniere_AG-CR-2048x723.png 2048w\" sizes=\"auto, (max-width: 2110px) 100vw, 2110px\" \/><\/a><\/figure><\/div>\n\n\n\n<div class=\"wp-block-column is-layout-flow wp-block-column-is-layout-flow\" style=\"flex-basis:66.66%\"><h2 style=\"font-size:25px;\" class=\"wp-block-post-title\"><a href=\"https:\/\/afs-costello-cfc.asso.fr\/index.php\/2026\/04\/21\/publication-du-compte-rendu-de-lassemblee-generale-2025\/\" target=\"_self\" >Publication du Compte-Rendu de l&rsquo;Assembl\u00e9e G\u00e9n\u00e9rale 2025<\/a><\/h2>\n\n<div style=\"font-size:18px;\" class=\"wp-block-post-excerpt\"><p class=\"wp-block-post-excerpt__excerpt\">\ud83d\udcdd D\u00e9couvrez le Compte-Rendu de l&rsquo;Assembl\u00e9e G\u00e9n\u00e9rale 2025, effectu\u00e9 le 07\/02\/2026 \u00e0 Paris (Robert Debr\u00e9). L\u2019Assembl\u00e9e G\u00e9n\u00e9rale 2025 de l\u2019Association Fran\u00e7aise des Syndromes Costello &amp; Cardio-Facio-Cutan\u00e9 s\u2019est tenue le 7 f\u00e9vrier 2026 \u00e0 l\u2019h\u00f4pital Robert-Debr\u00e9, avec une participation en pr\u00e9sentiel et\u2026<\/p><p class=\"wp-block-post-excerpt__more-text\"><a class=\"wp-block-post-excerpt__more-link\" href=\"https:\/\/afs-costello-cfc.asso.fr\/index.php\/2026\/04\/21\/publication-du-compte-rendu-de-lassemblee-generale-2025\/\"><strong>Lire la suite de l&rsquo;article<\/strong><\/a><\/p><\/div><\/div>\n<\/div>\n\n<\/li><li class=\"wp-block-post post-1 post type-post status-publish format-standard has-post-thumbnail hentry category-general\">\n\n<div class=\"wp-block-columns alignwide has-background is-layout-flex wp-container-core-columns-is-layout-28f84493 wp-block-columns-is-layout-flex\" style=\"background-color:#f6f6f6\">\n<div class=\"wp-block-column is-layout-flow wp-block-column-is-layout-flow\" style=\"flex-basis:33.33%\"><figure class=\"wp-block-post-featured-image\"><a href=\"https:\/\/afs-costello-cfc.asso.fr\/index.php\/2024\/09\/17\/bonjour-tout-le-monde\/\" target=\"_self\"  ><img loading=\"lazy\" decoding=\"async\" width=\"1536\" height=\"1024\" src=\"https:\/\/afs-costello-cfc.asso.fr\/wp-content\/uploads\/2024\/09\/Actualite_11_24_07.png\" class=\"attachment-post-thumbnail size-post-thumbnail wp-post-image\" alt=\"D\u00e9couvrez la nouvelle rubrique \u00ab\u00a0Actualit\u00e9s\u00a0\u00bb\" style=\"object-fit:cover;\" srcset=\"https:\/\/afs-costello-cfc.asso.fr\/wp-content\/uploads\/2024\/09\/Actualite_11_24_07.png 1536w, https:\/\/afs-costello-cfc.asso.fr\/wp-content\/uploads\/2024\/09\/Actualite_11_24_07-300x200.png 300w, https:\/\/afs-costello-cfc.asso.fr\/wp-content\/uploads\/2024\/09\/Actualite_11_24_07-1024x683.png 1024w, https:\/\/afs-costello-cfc.asso.fr\/wp-content\/uploads\/2024\/09\/Actualite_11_24_07-768x512.png 768w, https:\/\/afs-costello-cfc.asso.fr\/wp-content\/uploads\/2024\/09\/Actualite_11_24_07-360x240.png 360w\" sizes=\"auto, (max-width: 1536px) 100vw, 1536px\" \/><\/a><\/figure><\/div>\n\n\n\n<div class=\"wp-block-column is-layout-flow wp-block-column-is-layout-flow\" style=\"flex-basis:66.66%\"><h2 style=\"font-size:25px;\" class=\"wp-block-post-title\"><a href=\"https:\/\/afs-costello-cfc.asso.fr\/index.php\/2024\/09\/17\/bonjour-tout-le-monde\/\" target=\"_self\" >D\u00e9couvrez la nouvelle rubrique \u00ab\u00a0Actualit\u00e9s\u00a0\u00bb<\/a><\/h2>\n\n<div style=\"font-size:18px;\" class=\"wp-block-post-excerpt\"><p class=\"wp-block-post-excerpt__excerpt\">\ud83d\udcf0 Une nouvelle rubrique \u00ab Actualit\u00e9s \u00bb pour rester inform\u00e9 Afin de mieux vous informer et de centraliser l\u2019ensemble des informations utiles, l\u2019Association Fran\u00e7aise des Syndromes de Costello et Cardio-Facio-Cutan\u00e9 met en place une nouvelle rubrique d\u00e9di\u00e9e : \u00ab Actualit\u00e9s \u00bb.\u2026<\/p><p class=\"wp-block-post-excerpt__more-text\"><a class=\"wp-block-post-excerpt__more-link\" href=\"https:\/\/afs-costello-cfc.asso.fr\/index.php\/2024\/09\/17\/bonjour-tout-le-monde\/\"><strong>Lire la suite de l&rsquo;article<\/strong><\/a><\/p><\/div><\/div>\n<\/div>\n\n<\/li><\/ul><\/div>\n\n\n\n<div style=\"height:100px\" aria-hidden=\"true\" class=\"wp-block-spacer\"><\/div>\n","protected":false},"excerpt":{"rendered":"<p>Une nouvelle rubrique \u00ab Actualit\u00e9s \u00bb pour rester inform\u00e9 Afin de mieux vous informer et de centraliser l\u2019ensemble des informations utiles, l\u2019Association Fran\u00e7aise des Syndromes de Costello et Cardio-Facio-Cutan\u00e9 met en place une nouvelle rubrique d\u00e9di\u00e9e : \u00ab Actualit\u00e9s \u00bb. Cette rubrique a pour objectif de rassembler en un seul [&hellip;]<\/p>\n","protected":false},"author":1,"featured_media":547,"parent":0,"menu_order":0,"comment_status":"closed","ping_status":"closed","template":"","meta":{"_themeisle_gutenberg_block_has_review":false,"footnotes":""},"class_list":["post-471","page","type-page","status-publish","has-post-thumbnail","hentry"],"_links":{"self":[{"href":"https:\/\/afs-costello-cfc.asso.fr\/index.php\/wp-json\/wp\/v2\/pages\/471","targetHints":{"allow":["GET"]}}],"collection":[{"href":"https:\/\/afs-costello-cfc.asso.fr\/index.php\/wp-json\/wp\/v2\/pages"}],"about":[{"href":"https:\/\/afs-costello-cfc.asso.fr\/index.php\/wp-json\/wp\/v2\/types\/page"}],"author":[{"embeddable":true,"href":"https:\/\/afs-costello-cfc.asso.fr\/index.php\/wp-json\/wp\/v2\/users\/1"}],"replies":[{"embeddable":true,"href":"https:\/\/afs-costello-cfc.asso.fr\/index.php\/wp-json\/wp\/v2\/comments?post=471"}],"version-history":[{"count":42,"href":"https:\/\/afs-costello-cfc.asso.fr\/index.php\/wp-json\/wp\/v2\/pages\/471\/revisions"}],"predecessor-version":[{"id":539,"href":"https:\/\/afs-costello-cfc.asso.fr\/index.php\/wp-json\/wp\/v2\/pages\/471\/revisions\/539"}],"wp:featuredmedia":[{"embeddable":true,"href":"https:\/\/afs-costello-cfc.asso.fr\/index.php\/wp-json\/wp\/v2\/media\/547"}],"wp:attachment":[{"href":"https:\/\/afs-costello-cfc.asso.fr\/index.php\/wp-json\/wp\/v2\/media?parent=471"}],"curies":[{"name":"wp","href":"https:\/\/api.w.org\/{rel}","templated":true}]}}